e remainder when 201767 is divided by 40347?
32
Calculate the remainder when 6334415 is divided by 6334409.
6
Calculate the remainder when 770381 is divided by 608.
45
What is the remainder when 26651317 is divided by 1653?
1651
What is the remainder when 347738 is divided by 11215?
73
Calculate the remainder when 140085 is divided by 152.
93
What is the remainder when 484628 is divided by 16711?
9
Calculate the remainder when 20694161 is divided by 1099.
1090
What is the remainder when 7986640 is divided by 109406?
2
Calculate the remainder when 561228 is divided by 108.
60
Calculate the remainder when 7255133 is divided by 480.
413
What is the remainder when 723894 is divided by 4641?
4539
What is the remainder when 2478560 is divided by 75107?
29
Calculate the remainder when 342256 is divided by 5608.
168
What is the remainder when 178116054 is divided by 20459?
0
Calculate the remainder when 37034 is divided by 5249.
291
What is the remainder when 1381555 is divided by 17?
16
Calculate the remainder when 51320 is divided by 750.
320
Calculate the remainder when 2780167 is divided by 2723.
2707
What is the remainder when 94411 is divided by 46949?
513
What is the remainder when 117857 is divided by 39282?
11
What is the remainder when 166504 is divided by 320?
104
Calculate the remainder when 31712992 is divided by 29.
13
Calculate the remainder when 284404 is divided by 2762.
2680
Calculate the remainder when 581305 is divided by 54.
49
Calculate the remainder when 36320862 is divided by 37.
34
What is the remainder when 220792 is divided by 83?
12
Calculate the remainder when 667210 is divided by 13613.
173
Calculate the remainder when 176535056 is divided by 2543.
2539
Calculate the remainder when 423224 is divided by 26432.
312
What is the remainder when 5051836 is divided by 16?
12
Calculate the remainder when 532683 is divided by 7.
4
Calculate the remainder when 9350918 is divided by 148427.
17
What is the remainder when 35431 is divided by 3323?
2201
Calculate the remainder when 15057039 is divided by 7089.
3
What is the remainder when 1468230 is divided by 758?
742
What is the remainder when 29653880 is divided by 67?
15
What is the remainder when 11339245 is divided by 2326?
2321
What is the remainder when 1147435 is divided by 280?
275
Calculate the remainder when 957525 is divided by 159586.
9
What is the remainder when 8546 is divided by 6899?
1647
Calculate the remainder when 179807 is divided by 19903.
680
Calculate the remainder when 397327 is divided by 477.
463
Calculate the remainder when 2185732 is divided by 2185728.
4
What is the remainder when 10801050 is divided by 568475?
25
Calculate the remainder when 844063 is divided by 1323.
1312
What is the remainder when 161644707 is divided by 99?
81
Calculate the remainder when 22606 is divided by 944.
894
Calculate the remainder when 497987 is divided by 19831.
2212
Calculate the remainder when 2031933 is divided by 6271.
129
Calculate the remainder when 10963257 is divided by 1130.
1127
What is the remainder when 144856 is divided by 11228?
10120
Calculate the remainder when 14894929 is divided by 13.
10
Calculate the remainder when 12654364 is divided by 2109059.
10
What is the remainder when 5096132 is divided by 1387?
294
Calculate the remainder when 51996512 is divided by 22.
18
What is the remainder when 202080 is divided by 1778?
1166
What is the remainder when 6104105 is divided by 449?
399
Calculate the remainder when 2512 is divided by 136.
64
Calculate the remainder when 16049038 is divided by 104.
70
Calculate the remainder when 5054 is divided by 325.
179
Calculate the remainder when 2974706 is divided by 148733.
46
What is the remainder when 514688 is divided by 21?
20
What is the remainder when 19272978 is divided by 13?
10
What is the remainder when 3631171 is divided by 199?
18
What is the remainder when 626404 is divided by 392?
380
What is the remainder when 96672 is divided by 15843?
1614
What is the remainder when 640569 is divided by 160137?
21
What is the remainder when 1344314372 is divided by 25?
22
What is the remainder when 9681126 is divided by 8964?
6
What is the remainder when 36155373 is divided by 36?
33
Calculate the remainder when 1230140 is divided by 129.
125
What is the remainder when 74780 is divided by 1216?
604
Calculate the remainder when 3857071927 is divided by 389.
388
Calculate the remainder when 560474854 is divided by 138.
136
Calculate the remainder when 1736888 is divided by 868422.
44
What is the remainder when 91239991 is divided by 15206664?
7
What is the remainder when 1124608 is divided by 6014?
6004
What is the remainder when 703543 is divided by 140456?
1263
Calculate the remainder when 3035183 is divided by 4036.
111
Calculate the remainder when 1789991 is divided by 5280.
71
What is the remainder when 39056 is divided by 12?
8
What is the remainder when 2509084 is divided by 501814?
14
Calculate the remainder when 8662418 is divided by 938.
926
Calculate the remainder when 27296 is divided by 27147.
149
What is the remainder when 853959 is divided by 2078?
1979
What is the remainder when 24396 is divided by 18028?
6368
Calculate the remainder when 756319 is divided by 468.
31
Calculate the remainder when 873508 is divided by 54594.
4
What is the remainder when 86435 is divided by 14404?
11
What is the remainder when 13731 is divided by 450?
231
What is the remainder when 22297910 is divided by 2229789?
20
What is the remainder when 673148756 is divided by 1060?
1056
What is the remainder when 176712 is divided by 431?
2
What is the remainder when 222816 is divided by 1002?
372
What is the remainder when 876460 is divided by 1853?
1844
What is the remainder when 51520508 is divided by 248?
244
Calculate the remainder when 144785 is divided by 36131.
261
What is the remainder when 2610012 is divided by 521983?
97
What is the remainder when 10617196 is divided by 6?
4
What is the remainder when 137448 is divided by 5280?
168
Calculate the remainder when 1173778 is divided by 1696.
146
What is the remainder when 232277 is divided by 48?
5
What is the remainder when 4476040 is divided by 615?
70
Calculate the remainder when 205829 is divided by 3741.
74
Calculate the remainder when 175858 is divided by 43942.
90
Calculate the remainder when 19390206 is divided by 65.
56
Calculate the remainder when 9750122 is divided by 712.
706
What is the remainder when 850857 is divided by 445?
17
What is the remainder when 92525 is divided by 11513?
421
What is the remainder when 773794 is divided by 17?
5
What is the remainder when 2846438 is divided by 1423177?
84
Calculate the remainder when 308507 is divided by 5318.
63
Calculate the remainder when 840377595 is divided by 380.
375
What is the remainder when 14628 is divided by 2186?
1512
What is the remainder when 3415726 is divided by 1707739?
248
What is the remainder when 3386528 is divided by 70?
68
What is the remainder when 10401704 is divided by 161?
138
Calculate the remainder when 60792 is divided by 1594.
220
What is the remainder when 1689182 is divided by 75?
32
Calculate the remainder when 54496016 is divided by 29.
28
Calculate the remainder when 52110 is divided by 3.
0
What is the remainder when 28551073 is divided by 14275535?
3
Calculate the remainder when 5144837 is divided by 16704.
5
Calculate the remainder when 115398 is divided by 4911.
2445
Calculate the remainder when 1116977 is divided by 895.
17
What is the remainder when 968502 is divided by 1481?
1409
What is the remainder when 415908019 is divided by 332?
331
Calculate the remainder when 24007649 is divided by 870.
869
Calculate the remainder when 1901569 is divided by 338.
319
Calculate the remainder when 18489 is divided by 18295.
194
Calculate the remainder when 13042 is divided by 5298.
2446
What is the remainder when 1493294 is divided by 3923?
2554
Calculate the remainder when 29056 is divided by 2185.
651
Calculate the remainder when 73276190 is divided by 20.
10
Calculate the remainder when 79575 is divided by 26288.
711
Calculate the remainder when 230306 is divided by 576.
482
Calculate the remainder when 2342305 is divided by 23.
8
What is the remainder when 104128759 is divided by 54